by 11?
10
Let p(f) = -3*f + 38. What is the remainder when 4 is divided by p(12)?
0
Suppose i - p = 15, -30 = 3*i - 5*i + 4*p. Suppose 3*q + 2*q + 55 = 0. What is the remainder when i is divided by (-2)/q - 194/(-22)?
6
What is the remainder when (-67)/(-4) + (-3)/(-12) is divided by 5?
2
Suppose 4 = -2*j + 4*b, b = 3*j - 2 - 7. Calculate the remainder when 5 is divided by j.
1
Suppose -2*n = -n + 3*j - 12, 5*n + 2*j = 21. Suppose -2*o + 5 = n. What is the remainder when o is divided by 1?
0
Suppose 2*f - 175 = -3*f. Calculate the remainder when 139 is divided by f.
34
Let d(p) = -5*p - 5. Calculate the remainder when d(-10) is divided by 24.
21
Suppose -w = -2*w - 23. Let h = 41 + w. Calculate the remainder when 35 is divided by h.
17
Suppose w = -w + 14. Calculate the remainder when w is divided by 4.
3
Suppose -6 = 3*w - 39. Calculate the remainder when w is divided by 3.
2
Let a(l) = -3*l - 16. Calculate the remainder when 66 is divided by a(-13).
20
Let u = -3 - -5. Suppose -2*l + d + 0*d = -14, 0 = 4*l - d - 26. Calculate the remainder when l is divided by u.
0
Let q = 10 + -8. Suppose -q*f - 4 = -8. Calculate the remainder when 4 is divided by f.
0
Suppose 0*h + 3*h = 3*l - 63, 2*l = -3*h + 27. Let a = -12 + 17. Calculate the remainder when l is divided by a.
3
Let a be 10*(-3 - (-28)/8). Let v(j) = j + 6. Calculate the remainder when v(a) is divided by 6.
5
Let l = 67 - 41. Calculate the remainder when 102 is divided by l.
24
Suppose 0*w - 53 = -w + 2*b, 0 = w + 4*b - 23. Let j = 28 - -9. Let p = -22 + j. What is the remainder when w is divided by p?
13
Let v = 30 + 2. Calculate the remainder when v is divided by 12.
8
Let d(m) = -6*m + 7. What is the remainder when d(-5) is divided by 20?
17
Let i(p) = 4*p - 9. Let o be i(-9). Let l = -18 - o. What is the remainder when 107 is divided by l?
26
Suppose -q - 112 = -8*q. Suppose 0*k - k + 5*p = -6, -4*k = -2*p - 114. What is the remainder when k is divided by q?
15
What is the remainder when (0 - -470)*(-5)/(-10) is divided by 48?
43
Suppose 0*a + 5*j + 13 = a, -4*a = 4*j - 100. Calculate the remainder when 66 is divided by a.
20
Let p = 6 + -3. Calculate the remainder when 13 is divided by 2/p + 26/6.
3
Let v(j) = 4*j + 7. Let h be v(-5). Let p = h + 21. What is the remainder when 22 is divided by p?
6
Let t = -81 + 84. What is the remainder when 7 is divided by t?
1
Suppose 5*y = -o + 5*o + 20, 0 = 5*o + y - 4. Suppose -3*n = 3 - o, -4*n = -2*a + 98. What is the remainder when a is divided by 16?
15
Let i = 1 + 1. Suppose 22 = 2*h - 2*j, 13 + 7 = h + i*j. What is the remainder when (3/(-2))/((-3)/52) is divided by h?
12
Let z = -3 + 8. Calculate the remainder when 9 is divided by z.
4
Let t = 11 + -19. Let i be ((-12)/t)/((-3)/92). Let y = i + 66. Calculate the remainder when y is divided by 11.
9
Suppose 0 = -5*d - 5*d + 230. What is the remainder when d is divided by 13?
10
Suppose -4*u + z = -3*u - 63, -u - 5*z + 81 = 0. What is the remainder when u is divided by 23?
20
Suppose -3*r - 4*i + 93 = 14, 66 = 2*r - 4*i. What is the remainder when 50 is divided by r?
21
Suppose 3*q - 2*q - 52 = 0. What is the remainder when q is divided by 9?
7
Let l(j) = -2 - j + 5 + 0*j - 1. Let c be l(-7). Calculate the remainder when 50 is divided by (12 - c)*(-26)/(-3).
24
Suppose 3*m = 5*x + 25 - 331, 248 = 4*x - 4*m. What is the remainder when x is divided by 32?
28
Let s = 68 - 13. Suppose -2*q - 2*q = 5*i - 78, 32 = 2*i + 2*q. What is the remainder when s is divided by i?
13
Suppose -2*d = 2*i + 326, -109 + 912 = -5*i - 2*d. Calculate the remainder when -4*(i/12 - 0) is divided by 14.
11
Let g = -2 - -1. Let n = g - -3. What is the remainder when (n - 0)/(11/66) is divided by 7?
5
Let b = -103 + 112. Let o be 0 - (-15 + (-2 - -2)). Let d = 10 + o. What is the remainder when d is divided by b?
7
Let h(i) = i**3 - 5*i**2 + 5*i - 2. Let g be h(3). Let p = 18 + g. Calculate the remainder when 25 is divided by p.
12
Let x(r) = -3*r - 18. Let l be x(-9). Suppose -13*h + 64 = -l*h. What is the remainder when h is divided by 10?
6
Let t = 133 - 79. What is the remainder when t is divided by 14?
12
Let t be (0/(-2 - -1))/(-2). Suppose t = 5*y + 63 - 153. Suppose -54*g + 49*g = -170. Calculate the remainder when g is divided by y.
16
Suppose -i - 1 = -0. Let u(d) = 23*d**2 + 1. Let k = 34 + -21. What is the remainder when u(i) is divided by k?
11
Let l(u) = -u**3 + 6*u**2 - 6*u + 3. Calculate the remainder when 25 is divided by l(4).
3
Let z = -20 + 28. Calculate the remainder when z is divided by 5.
3
Suppose n - 5*z = -0*n + 81, 2*n - 153 = z. Suppose 0 = -2*d + n - 12. Let v = d - 16. What is the remainder when 30 is divided by v?
14
What is the remainder when 1/4*4*17 is divided by 4?
1
Suppose 3*w - 4*w + 39 = 0. What is the remainder when w is divided by (-5 + (-25)/15)*(-3)/2?
9
Suppose 0 = 5*u - 3*u - 100. Let d = 14 - 1. What is the remainder when u is divided by d?
11
Suppose -5*w + 36 = -w. Let s(l) = l**3 + 6*l**2 + 6*l + 8. Let v be s(-6). Calculate the remainder when v/(-1) + 2 + -4 is divided by w.
8
Let r = 172 - 139. What is the remainder when r is divided by 17?
16
Suppose 0 = 2*n + 2 + 16. Let g = -1 - n. Calculate the remainder when 22 is divided by g.
6
Let y be (1*5)/(-4 - -5). Suppose 73 = y*z + 18. Calculate the remainder when z is divided by 7.
4
Let q(s) = s**2 + s + 2. Suppose -2*w + 10 = 2*n, n + 5*w - 2 = 3. Suppose -4*z = 4*y + 16, 2*y = n*z + y + 20. What is the remainder when q(z) is divided by 8?
6
Suppose -4*p - 2*q = -6 - 14, 0 = 3*q - 6. What is the remainder when 7 is divided by p?
3
Let t(m) = m - 4. What is the remainder when (7/(-2))/(4/(-8)) is divided by t(9)?
2
Suppose 0 = -4*q - 4*s - 64 + 244, 0 = -s + 1. Calculate the remainder when q is divided by 15.
14
Let p = 11 + -1. Let o(l) = l + p - 2*l + 8. What is the remainder when o(0) is divided by 10?
8
Let z(r) = 10*r - 1. Suppose 6*x = 2*x + 20. Calculate the remainder when z(1) is divided by x.
4
Let o(q) = 11*q. Calculate the remainder when 32 is divided by o(1).
10
Suppose -19 - 28 = -q. Suppose -k + q + 8 = 0. Calculate the remainder when k is divided by 14.
13
Let f(d) = 3*d - 5. Let u(a) = 4*a + 2*a - 11 - a. Let b(v) = 7*f(v) - 4*u(v). Calculate the remainder when b(-4) is divided by 2.
1
Let z(l) = l**2 + l + 43. Let u be z(0). Let h be 1*(-1*17 - -2). Let i = u + h. Calculate the remainder when i is divided by 15.
13
Suppose 12*o = 2*a + 7*o - 40, 66 = 4*a - 3*o. What is the remainder when 87 is divided by a?
12
Let g(w) = 2*w**3 - 3*w**2 - 3*w + 2. Let c = -5 + 42. What is the remainder when c is divided by g(3)?
17
Suppose -3*m + 3 = 0, -3 - 13 = -3*y - m. Calculate the remainder when 12 is divided by y.
2
Let z = 14 - 9. Suppose 0 = z*x - 5*w - 335, 0*x + w - 213 = -3*x. What is the remainder when x is divided by 24?
22
Let o = -19 - -29. What is the remainder when o is divided by 3?
1
Suppose 0 = -2*r - 2 + 6. Suppose r*z + 66 = 5*z. What is the remainder when 65 is divided by z?
21
Suppose -2*l + u + 2 + 3 = 0, l - 3*u + 5 = 0. What is the remainder when 30 is divided by l/18 - 194/(-18)?
8
Suppose m - 528 = -3*m. Suppose -3*h = 3*p - m, -4*h + 39 = -2*p - 107. What is the remainder when h is divided by 10?
9
Let h = -133 + 76. Let o = -10 - h. Let c = 32 + -16. Calculate the remainder when o is divided by c.
15
Suppose 3*n = -4*z - 10, -5*z - 4 - 16 = 0. Suppose q - 21 = -n*q. Suppose -20 - 20 = -2*m. Calculate the remainder when m is divided by q.
6
Let g = 9 - 7. Suppose n - 76 = -3*s, s - 82 = -2*s + g*n. What is the remainder when s is divided by 7?
5
Suppose 5*l = -0*l + 35. Suppose -j + 18 - l = 0. Calculate the remainder when j is divided by 4.
3
Let g = 65 - 23. Let j = g - 8. Calculate the remainder when j is divided by 12.
10
Suppose -3*m + 3*k - 4*k = -72, -4*m - 3*k + 96 = 0. What is the remainder when 93 is divided by m?
21
Let p(t) = t**2 + 2*t + 34. Calculate the remainder when p(0) is divided by 10.
4
Suppose 0 = 4*k - 2*f - 26, f - 17 = -4*k - 0*f. What is the remainder when 17 is divided by k?
2
Suppose -2*c + 30 = 5*m - 3*c, m = -5*c + 6. Calculate the remainder when (m/(-15))/((-1)/60) is divided by ((-26)/(-8))/(5/20).
11
What is the remainder when 109 is divided by ((-15